 + 44 = 2*u - 0*k, -2*u + 40 = -3*k. What is the greatest common factor of 28 and u?
14
Let n = -22 + 27. What is the highest common factor of n and 50?
5
Suppose -5*m + 61 = -539. Suppose 13 + 50 = 4*w - 3*h, 0 = 2*w + 3*h - 27. Calculate the highest common divisor of w and m.
15
Let k(z) = -z**2 - 3*z + 6. Let t be k(-5). Let r = 0 + -3. Let x be (-2 + r/t)*-12. Calculate the greatest common factor of x and 135.
15
Let l = 989 - 509. Suppose -5*n = -0*n - l. Suppose -2*o + 3*o - 2 = -5*w, -5*o + 3*w + 66 = 0. Calculate the greatest common divisor of o and n.
12
Let i be (-49)/(-14) - 6/4. Suppose -3*z - 3 = -i*z. Let t be (9/(-2))/(z/6). What is the highest common divisor of t and 18?
9
Let p be (1 - 4) + 1 - -4. Suppose -64 = 6*u - p*u. Let t = 23 + u. Calculate the greatest common divisor of 7 and t.
7
Let d(g) = 3 - g + 5 - 2. Let q be d(-12). Suppose -42 = -5*b + 4*b + 3*a, 4*b - 185 = -5*a. Calculate the highest common divisor of q and b.
9
Let z = 7 - 5. Let d(g) = -3*g - 1. Let f be d(z). Let h(b) = b + 11. Let q be h(f). Calculate the greatest common divisor of 20 and q.
4
Let g be (-46)/12 + 6/(-36). Let y = g - -6. What is the greatest common divisor of 2 and y?
2
Let m(n) = -n**3 - n**2 - n + 29. Let d be m(0). What is the greatest common factor of 87 and d?
29
Let g = 6 + -7. Let t = g + -6. Let w(f) = 2*f**2 + f - 3. Let l be w(t). What is the greatest common factor of 11 and l?
11
Let i(b) = -b**3 - 4*b**2 + 4*b + 7. Let o = -13 + 7. Let j be i(o). What is the highest common divisor of 11 and j?
11
Suppose 0 = -0*q - 8*q + 152. Suppose -3*f = -2 - 4, 131 = j - f. Calculate the highest common divisor of j and q.
19
Let a be 118 + (-4 + 1)*(-4)/6. What is the highest common factor of 80 and a?
40
Let n = 24 - 20. Let i be 12/7 + 2/7. Let f = n - i. Calculate the highest common divisor of f and 12.
2
Let p(g) = -4*g - 20. Let w be p(-6). Let v = 6 - 2. Calculate the greatest common divisor of w and v.
4
Suppose -10 = -g + 10. Let r = 40 - g. Calculate the highest common divisor of r and 4.
4
Let f(r) = 6*r - 2. Let w be f(5). What is the greatest common divisor of 168 and w?
28
Suppose -2*h = -4*w - 360, 6*w + 900 = 5*h + w. What is the highest common factor of h and 20?
20
Let r(s) = -s**3 + 9*s**2 - 9*s + 7. Let x be r(8). Let u = x + 4. What is the highest common factor of 3 and u?
3
Let f(t) = t + 15. Let q be f(-8). Suppose -1 = a - q. Suppose a + 82 = v. What is the highest common factor of v and 11?
11
Suppose -4*s = -0*s - 60. Suppose 2*i = -i - s, 3*u - 298 = 5*i. What is the greatest common factor of u and 13?
13
Let t(u) = u**3 + 15*u**2 - 15*u + 20. Let p be t(-16). What is the highest common factor of 1 and p?
1
Let f = -10 + 24. Let g = f - 5. What is the highest common factor of g and 9?
9
Let b be (-186)/(-9) - 4/(-3). What is the greatest common factor of 2 and b?
2
Let j = -11 - -15. Suppose -164 = -2*s + 4. Suppose 0*h + 3*h - s = 0. Calculate the highest common factor of h and j.
4
Let u(q) = q**3 + 1. Let w be u(1). Suppose -16 = -4*v, -14 = -f - f + w*v. Calculate the greatest common divisor of f and 55.
11
Suppose 4*s + 5 = 2*u - 3, 8 = 2*s + 5*u. Let t be 2*(s + 0)*-8. Suppose 4*f = -t, 4*c + f = 157 + 15. Calculate the greatest common factor of 22 and c.
22
Let d = 26 + -103. Let n = d + 38. Let t = n + 95. Calculate the greatest common factor of t and 14.
14
Suppose -6*a = -p - a + 31, 3*p - 33 = -5*a. Calculate the highest common divisor of 176 and p.
16
Suppose -4*g - 8 = 0, -13 - 7 = y + 2*g. Let i = y - -18. Calculate the highest common divisor of 5 and i.
1
Suppose -q - 2 = 4*v, -2*v = 4*q + 17 - 51. Calculate the highest common divisor of 5 and q.
5
Suppose 3*k = -0*k - 9. Let r(x) = -x**3 - 2*x**2 + 3*x - 2. Let f be r(k). Let s be (f/3*-21)/2. Calculate the greatest common divisor of s and 28.
7
Let r(j) = 75*j**2 - j. Let w = -5 - -4. Let d be r(w). Suppose 4*n + d = 2*p, -n - 128 = -3*p - 2*n. What is the highest common factor of p and 21?
21
Suppose -27 + 12 = -5*p. Suppose 3*k + 5*x + 1 = -2, 0 = 2*k + p*x + 1. Let c(v) = 4*v - 3. Let y be c(k). Calculate the highest common factor of y and 143.
13
Let h be (15/(-6))/(2/(-4)). Suppose -5*q + 42 = 2*a, -h*a - 50 = -3*q - 0*a. Suppose -102 = -j - 32. What is the highest common divisor of q and j?
10
Let i be (21/2)/(9/12). Suppose -31 - i = -5*h. Suppose -51 = -3*g - h. What is the greatest common divisor of g and 7?
7
Suppose 0 = 2*a + 3*c - 8, -5*c = 2*a - 5 - 3. Let y be ((-126)/a)/((-12)/16). What is the greatest common divisor of y and 6?
6
Let g(s) = 4*s**2 + 2. Let d be g(-2). Let k be (-81)/(-18)*8/6. What is the greatest common factor of d and k?
6
Let c = 55 + -19. Let x(g) = g**3 + g**2 + g + 54. Let s be x(0). What is the greatest common divisor of c and s?
18
Suppose 5*k = k + 20. Let s = 26 - k. Let p = 118 - 13. Calculate the highest common divisor of s and p.
21
Let f = 16 + 9. Let z be 1/((-4)/f)*-20. What is the greatest common divisor of z and 50?
25
Let p be (-5)/(-4) - (-2)/(-8). Suppose r + 45 = 4*r. Let g = r + -5. Calculate the greatest common divisor of g and p.
1
Suppose 18 + 12 = 5*s. Calculate the highest common factor of s and 6.
6
Let l(k) = 3*k - 4. Let w = -9 - -6. Let g = 6 + w. Let y be l(g). Calculate the greatest common factor of 5 and y.
5
Let l(k) = k**3 + 6*k**2 + 6*k + 7. Let b be l(-4). Calculate the highest common divisor of 6 and b.
3
Let l = 7 - 3. Let k(n) = -n**2 + 7*n + 10. Let a be k(8). Suppose -a*c - 5*q + 57 = 0, -q + 9 = -4*q. What is the highest common factor of l and c?
4
Let y(h) = -h**2 + 12*h - 11. Let k be y(11). Suppose k*a + 9 = a. Calculate the highest common divisor of 72 and a.
9
Suppose 0*l = l - 24. Suppose 107 - 98 = 3*i. What is the highest common factor of i and l?
3
Let y(d) be the second derivative of -7*d**3/3 - 2*d**2 - 3*d. Let g be y(-4). What is the highest common divisor of 13 and g?
13
Suppose 0 = 3*d - 5*c + 14, -2*c + 7*c = -25. Let j be -8*(d + 3 - -2). What is the greatest common divisor of 8 and j?
8
Let f be 332/12 - 5 - (-1)/3. What is the highest common factor of f and 161?
23
Let l = 75 - 0. Suppose 5*z - 88 = -4*t, 2*z = 5*t - l - 68. Let y be 0*3/12 + 9. What is the highest common factor of y and t?
9
Suppose f - 4*o = 11, -7*f - 4*o + 127 = -2*f. Suppose -5*w + f = 3. Let x = w + 3. What is the highest common factor of x and 28?
7
Let g be (-75)/(-12) - 1/4. Let c(r) = r**3 - 4*r - 1. Let l be c(-5). Let q = -58 - l. What is the highest common divisor of g and q?
6
Suppose 0*j + j - 37 = 5*q, -j = -2*q - 22. What is the highest common factor of 60 and j?
12
Suppose 3*l + 2*l - 2205 = 0. Suppose 3*i + 144 = l. What is the greatest common divisor of 11 and i?
11
Let j = 301 + -69. Let g = -25 - -54. Calculate the highest common divisor of g and j.
29
Suppose 0*k = -5*k. Let l = k + 3. Suppose 7 = l*z + 1. What is the greatest common factor of z and 16?
2
Let i(f) = -2*f + 4. Let j be i(-3). What is the greatest common divisor of j and 40?
10
Let a be 2*-4*(0 - 7 - -4). Suppose 5*d - 2*d = 18. Calculate the greatest common divisor of d and a.
6
Let n(u) = u**3 - 9*u**2 + u + 11. Let z be n(8). Let d = z + 115. Let k(w) = 2*w**2 + 2. Let p be k(-2). What is the highest common divisor of d and p?
10
Let x = -787 + 1194. Calculate the greatest common divisor of 37 and x.
37
Let s(w) = 2*w**2 + 2*w. Let j be s(-4). Calculate the greatest common factor of j and 3.
3
Let i be (3/(-9))/(1/(-78)). Let u = -1 + 6. Suppose 3*c = 3*l + 30, u*c - 56 = 2*l + 3. What is the highest common divisor of i and c?
13
Let q(m) = -m**3 + 2*m**2 + 6*m - 3. Let l be q(4). Let v = 20 + l. What is the greatest common divisor of v and 6?
3
Suppose -7*l + 225 = -2*l. What is the greatest common factor of 360 and l?
45
Let h be 15/6 - 1/(-2). Suppose h*j = 3*n + 117, 2 + 13 = 5*n. What is the highest common divisor of j and 28?
14
Suppose 675 = 5*r + 10*r. What is the greatest common divisor of 15 and r?
15
Let l = -21 + 60. Calculate the highest common divisor of 26 and l.
13
Let u be (43 - 13) + (-6)/(-2). What is the highest common factor of 33 and u?
33
Suppose -169 = -7*q - 64. Calculate the highest common factor of q and 45.
15
Suppose -3*p + 4*h + 241 = 0, 3 = -3*h + 18. Suppose